the thousands digit of 6597108?
7
What is the units digit of 8011270?
0
What is the hundreds digit of 13749552?
5
What is the hundred thousands digit of 740691?
7
What is the ten thousands digit of 496397?
9
What is the thousands digit of 2092726?
2
What is the thousands digit of 41338?
1
What is the ten thousands digit of 2969426?
6
What is the tens digit of 31597048?
4
What is the ten thousands digit of 779417?
7
What is the millions digit of 8443321?
8
What is the units digit of 840971?
1
What is the hundreds digit of 179405?
4
What is the hundred thousands digit of 492527?
4
What is the thousands digit of 4583429?
3
What is the units digit of 8382108?
8
What is the thousands digit of 4886915?
6
What is the hundred thousands digit of 3677441?
6
What is the thousands digit of 201956?
1
What is the units digit of 374249?
9
What is the ten thousands digit of 2181136?
8
What is the units digit of 3065001?
1
What is the tens digit of 198853?
5
What is the hundred thousands digit of 247231?
2
What is the tens digit of 5285673?
7
What is the tens digit of 52932?
3
What is the hundreds digit of 245176?
1
What is the hundreds digit of 620074?
0
What is the ten thousands digit of 40602275?
0
What is the tens digit of 87554?
5
What is the tens digit of 1995480?
8
What is the thousands digit of 1432893?
2
What is the millions digit of 15349449?
5
What is the tens digit of 14597771?
7
What is the units digit of 4124091?
1
What is the hundreds digit of 528153?
1
What is the hundreds digit of 17470023?
0
What is the hundreds digit of 140779?
7
What is the hundred thousands digit of 446532?
4
What is the tens digit of 3173126?
2
What is the millions digit of 6383810?
6
What is the ten thousands digit of 2563526?
6
What is the tens digit of 29367?
6
What is the thousands digit of 1029288?
9
What is the tens digit of 424522?
2
What is the tens digit of 2358975?
7
What is the thousands digit of 1070174?
0
What is the hundred thousands digit of 289751?
2
What is the ten thousands digit of 214307?
1
What is the ten thousands digit of 20463788?
6
What is the millions digit of 14848154?
4
What is the ten thousands digit of 478497?
7
What is the tens digit of 130340?
4
What is the ten thousands digit of 342706?
4
What is the units digit of 269694?
4
What is the hundreds digit of 2257875?
8
What is the tens digit of 75740?
4
What is the tens digit of 344247?
4
What is the ten thousands digit of 2613421?
1
What is the thousands digit of 4960272?
0
What is the hundred thousands digit of 136301?
1
What is the hundreds digit of 2854879?
8
What is the hundreds digit of 11678617?
6
What is the thousands digit of 3686563?
6
What is the hundreds digit of 967?
9
What is the ten thousands digit of 90110?
9
What is the ten thousands digit of 133291?
3
What is the hundreds digit of 147914?
9
What is the thousands digit of 883901?
3
What is the tens digit of 5023915?
1
What is the thousands digit of 3861072?
1
What is the tens digit of 570106?
0
What is the hundreds digit of 1846526?
5
What is the millions digit of 7546110?
7
What is the hundreds digit of 648606?
6
What is the tens digit of 498411?
1
What is the tens digit of 5217625?
2
What is the hundreds digit of 4938584?
5
What is the units digit of 6370207?
7
What is the hundred thousands digit of 35593883?
5
What is the units digit of 18227467?
7
What is the hundred thousands digit of 595152?
5
What is the ten thousands digit of 138483?
3
What is the hundred thousands digit of 1845314?
8
What is the hundred thousands digit of 186733?
1
What is the millions digit of 3662722?
3
What is the ten thousands digit of 581224?
8
What is the hundreds digit of 522856?
8
What is the tens digit of 3431945?
4
What is the ten thousands digit of 8272228?
7
What is the ten thousands digit of 5946776?
4
What is the tens digit of 541059?
5
What is the thousands digit of 563549?
3
What is the ten millions digit of 16432876?
1
What is the ten millions digit of 14841759?
1
What is the hundred thousands digit of 1318849?
3
What is the tens digit of 869060?
6
What is the ten thousands digit of 1898712?
9
What is the thousands digit of 59680?
9
What is the units digit of 55415?
5
What is the thousands digit of 1725101?
5
What is the hundreds digit of 264862?
8
What is the ten thousands digit of 10777965?
7
What is the tens digit of 9616792?
9
What is the millions digit of 3977227?
3
What is the millions digit of 1076793?
1
What is the hundreds digit of 1553671?
6
What is the ten thousands digit of 156969?
5
What is the hundred thousands digit of 400130?
4
What is the units digit of 4990?
0
What is the thousands digit of 2221376?
1
What is the thousands digit of 7236506?
6
What is the millions digit of 4199225?
4
What is the units digit of 638663?
3
What is the tens digit of 106213?
1
What is the tens digit of 292375?
7
What is the units digit of 443688?
8
What is the tens digit of 12601412?
1
What is the millions digit of 1693596?
1
What is the units digit of 275806?
6
What is the hundred thousands digit of 3972675?
9
What is the tens digit of 285317?
1
What is the tens digit of 12326?
2
What is the millions digit of 1741254?
1
What is the hundred thousands digit of 1647643?
6
What is the ten thousands digit of 503518?
0
What is the thousands digit of 6371473?
1
What is the hundreds digit of 486208?
2
What is the hundreds digit of 3349310?
3
What is the hundreds digit of 18836335?
3
What is the hundred thousands digit of 369283?
3
What is the tens digit of 20310182?
8
What is the tens digit of 1712815?
1
What is the hundred thousands digit of 11556132?
5
What is the units digit of 2753319?
9
What is the units digit of 26479382?
2
What is the ten thousands digit of 126129?
2
What is the units digit of 33981?
1
What is the hundreds digit of 149205?
2
What is the tens digit of 922212?
1
What is the tens digit of 340126?
2
What is the millions digit of 20966125?
0
What is the hundred thousands digit of 16338438?
3
What is the ten thousands digit of 727992?
2
What is the units digit of 12744072?
2
What is the tens digit of 4014214?
1
What is the tens digit of 290193?
9
What is the tens digit of 25517862?
6
What is the thousands digit of 446468?
6
What is the thousands digit of 8022230?
2
What is the units digit of 129155?
5
What is the hundred thousands digit of 103241?
1
What is the thousands digit of 4057448?
7
What is the hundreds digit of 755797?
7
What is the units digit of 314339?
9
What is the units digit of 256499?
9
What is the thousands digit of 1994467?
4
What is the thousands digit of 1573941?
3
What is the hundreds digit of 53033?
0
What is the millions digit of 3255519?
3
What is the hundreds digit of 27266898?
8
What is the ten thousands digit of 3019360?
1
What is the units digit of 1627302?
2
What is the millions digit of 1001541?
1
What is the thousands digit of 10612801?
2
What is the ten thousands digit of 560403?
6
What is the tens digit of 793683?
8
What is the ten thousands digit of 278896?
7
What is the ten thousands digit of 135908?
3
What is the hundred thousands digit of 525698?
5
What is the tens digit of 394022?
2
What is the tens digit of 114495?
9
What is the hundreds digit of 427666?
6
What is the hundred thousands digit of 313028?
3
What is the hundred thousands digit of 210093?
2
What is the hundred thousands digit of 2846075?
8
What is the tens digit of 491821?
2
What is the ten thousands digit of 184466?
8
What is the thousands digit of 18047?
8
What is the hundred thousands digit of 1363059?
3
What is the ten thousands digit of 26640311?
4
What is the thousands digit of 189041?
9
What is the hundred thousands digit of 3065562?
0
What is the thousands digit of 7812390?
2
What is the hundred thousands digit of 20464605?
4
What is the millions digit of 3741379?
3
What is the ten thousands digit of 289184?
8
What is the hundred thousands digit of 505128?
5
What is the units digit of 420173?
3
What is the hundred thousands digit of 799765?
7
What is the hundred thousands digit of 726031?
7
What is the hundreds digit of 281482?
4
What is the units digit of 7749026?
6
What is the ten thousands digit of 1550742?
5
What is the hundreds digit of 125124?
1
What is the thousands digit of 79945?
9
What is the tens digit of